 = 531 - 531. Give j(w).
-5
Let n(j) = -j**3 + 8*j**2 - 16*j + 13. Let u be n(4). Let d(t) = t**2 - 19*t - 3. Give d(u).
-81
Let n(y) = 3*y**2 - 5*y - 123. Let q(o) = -o**2 + 3*o + 51. Let d(u) = 2*n(u) + 5*q(u). What is d(-6)?
15
Let d(l) be the third derivative of l**6/120 + l**5/15 - 5*l**4/24 - l**3/6 + 3660*l**2. Suppose 0*j + 10 = -2*j. What is d(j)?
-1
Let s(y) = y**2 - 11*y + 33. Suppose -3*i = -2*g + 14, -25*i - 35 = -5*g - 29*i. Let j be s(g). Let t(v) = 8*v - 7 + 0 - 3*v. What is t(j)?
18
Let g be 1 + 183/60 + 7 + -11. Let o(q) be the second derivative of 1/3*q**3 + 3*q + 7/12*q**4 + g*q**5 + 0 + 5/2*q**2. Calculate o(-7).
-9
Let r(d) be the first derivative of -d**4/4 - 2*d**3/3 - d**2/2 - 7*d + 805. What is r(-3)?
5
Let i be 2/(-9) - 140/(-63). Let o(u) = 8 + i - 6*u - 13 - 1. Calculate o(-2).
8
Let v(n) = n**3 - 26*n**2 + 53*n - 113. Let w be v(24). Let z(u) = -u**2 + 7*u - 8. Give z(w).
-8
Suppose -3*w - 7 = -2*v, 4*w - 6*w = v. Let s be (3 - v)*-4*(3 - 2). Let z(n) = -n + 3. Give z(s).
7
Let m(d) = 4*d + 99. Let f(v) = 49*v + 1148. Let l(j) = -3*f(j) + 35*m(j). Give l(9).
-42
Let b(z) = -82*z**2 - 24*z - 6. Let n(x) = 52*x**2 + 15*x + 4. Let o(u) = 5*b(u) + 8*n(u). Suppose 1 = -q - 1. What is o(q)?
26
Let o be (-9 - (-12 - 4)) + 6. Let p(f) = f**3 - 11*f**2 - 30*f + 40. Calculate p(o).
-12
Let w(d) = 16*d**3 + 2 - 7*d**3 - 9*d**2 - 7*d**3 - 3*d**3. Suppose -2*n = -5*j + 333, -20 = j + 5*n - 92. Let q = -76 + j. Determine w(q).
2
Let m(o) = 2*o + 22 + 5*o - 3*o - 6*o + 5*o. Determine m(6).
40
Let h(u) = u**2 - 18*u - 110. Let a be (-6)/(-4)*((-25300)/75)/(-22). Calculate h(a).
5
Let j(g) be the first derivative of -4*g**3 + g**2/2 - g + 1. Let q be (-39)/(-273) + (-5223)/7. Let v = 747 + q. Determine j(v).
-12
Let h(z) = 3*z**2 - 3*z + 7. Let r be h(6). Suppose 130*n - 9347 = 4693. Let p = r - n. Let q(m) = m**2 + 10*m - 11. What is q(p)?
0
Let j(h) = -24*h - 67. Let b(f) = -7*f - 21. Let p(o) = 7*b(o) - 2*j(o). What is p(-5)?
-8
Let h(f) = 2*f**2 - 7. Let j(d) = d**3 - 19*d**2 + 24*d + 25. Let v(t) = 3*h(t) + j(t). Determine v(11).
26
Let w(i) = -5*i**2 + 5*i + 8. Let s(t) = -2*t**2 + 2*t + 4. Let j(r) = 7*s(r) - 3*w(r). Let n = 42552 + -42552. What is j(n)?
4
Let z(h) = 3*h + 5. Let g be 4/10 - (-26)/10. Let y be (g + 1)*(-30)/(-8). Suppose y = l - 6*l, 5*l + 39 = -4*k. Determine z(k).
-13
Let k(u) be the third derivative of -u**6/120 + 23*u**5/60 - 17*u**4/24 - 29*u**3/6 + u**2. Let m be k(22). Let z(y) = -29 - 28 - 25 + m + 15*y. Calculate z(1).
14
Let v be 0/(-2 + 1 + 0). Let k be -17 - -21 - 2/(-4)*-4. Let r(o) = 108*o - 108*o - 6 + o**k + 1. Calculate r(v).
-5
Let k(i) = -i**2 + 5*i + 3. Let m(q) = -4*q**3 + 19*q**2 + 7*q - 5. Let r be ((-48)/(-36))/(12/45). Let d be m(r). Calculate k(d).
3
Let i(l) be the first derivative of -9*l + 32 - 1/2*l**2. What is i(-7)?
-2
Let d(y) be the first derivative of -y + 8 - 3/2*y**2. Suppose 2*x - 80 + 78 = 0, -2*v + 5*x = 11. What is d(v)?
8
Suppose 39*s + 21 = 46*s. Suppose -3*r - 4*q = -2*q - 16, q - 17 = -s*r. Let m(p) = -4*p + 4. Give m(r).
-20
Suppose -3*p - 108 + 85 = 4*g, 0 = 5*g - 3*p + 76. Let a(s) = s**3 + 12*s**2 + 3*s - 83. Determine a(g).
5
Let g(l) = 126*l + 200. Let m(x) = 23*x + 40. Let k(c) = -2*g(c) + 11*m(c). Calculate k(-33).
7
Let b(w) be the second derivative of -7/6*w**3 - 1/12*w**4 - 2 - 56*w - 3*w**2. Calculate b(-7).
-6
Let y(d) be the second derivative of -d**3/3 - 7*d**2 + 54*d - 36. Determine y(-10).
6
Let c(p) be the third derivative of -p**5/60 - 3*p**4/8 - p**3/3 - p**2 + 42*p. Calculate c(-8).
6
Let b(j) = -29*j + 2. Let m be b(0). Let k(p) = p**2 - m + 5*p**2 - 2 - 5*p**2 - 2 - p. What is k(4)?
6
Suppose 3 = -28*z + 29*z. Suppose -z*h + 59 = 5*s - 4*h, 28 = 2*s + 4*h. Let a be 3*-5*((-32)/s)/4. Let j(v) = -v**3 + 9*v**2 + 11*v - 9. Give j(a).
1
Let t(d) = d**2 + 6*d - 8. Let i(h) = -4*h**2 - 25*h + 33. Let l = -978 + 980. Let j(o) = l*i(o) + 9*t(o). What is j(-5)?
-1
Let f(h) = 2*h**2 - 11*h + 16. Suppose -9*m + 5*l = -11*m + 21, -19 = -2*m - 3*l. Give f(m).
56
Let x(a) = -a**3 + 7*a**2 - 9*a + 1. Let c(t) = 105*t + 1791. Let w be c(-17). Give x(w).
-17
Let g be (453/(-302))/((-3)/(-4)). Let v(p) = 4*p + 4*p**2 + 2*p**3 + 3*p - 5*p. Calculate v(g).
-4
Let x(b) = -7*b**3 + b**2 - 99*b + 7. Let f(m) = 128*m**3 - 17*m**2 + 1806*m - 127. Let t(p) = 4*f(p) + 73*x(p). Let h = -11 - -8. Give t(h).
30
Let t(l) = 4400*l - 2199*l - 2200*l + 23. Give t(11).
34
Let l(d) = -7*d**2 + 6*d - 25. Let a(c) = 24*c**2 - 17*c + 82. Let b(k) = -2*a(k) - 7*l(k). Determine b(8).
11
Let z be -6 - (15/6 + 441/(-42)). Let v(o) = 10*o**2 + o + 4. Let s(j) = -j**2 - 2*j - 1. Let b(d) = -2*s(d) - v(d). Calculate b(z).
-28
Let f(c) = c**3 - 8*c**2 - 11*c + 4. Suppose -1248 + 1257 = n. What is f(n)?
-14
Suppose -4*o = -5*g - 2, -2*o - g + 6*g + 6 = 0. Let y be ((-11)/(11/12))/o. Let q(c) = 7*c**2 - 8*c + 3*c**3 + 2*c - 6 - 4*c**3. Give q(y).
-6
Let q(p) = 3*p + 2. Let g(d) = -7*d - 316. Let k be g(-45). Let m(s) = -4*s + 7. Let n(j) = k*q(j) - m(j). Calculate n(14).
5
Let k(i) = 5*i - 18. Let p = 8526 - 8531. Give k(p).
-43
Let q(p) = 7*p + 5163 + p - 5101. Let c be q(-7). Let j(v) = 3*v**2 + 5*v - 2*v - 4*v**2. Determine j(c).
-18
Let a(s) = -368*s + 11 + 743*s - 374*s. Let x(u) = -8*u**2 + 1. Let p be x(1). Let f = -15 - p. Determine a(f).
3
Let g(j) = j**2 - 10*j + 23. Let t be g(3). Let o(y) = 9*y - 2. Calculate o(t).
16
Let r(d) = d**2 + 21 + 1 - 1. Let m = 17259 - 17259. Give r(m).
21
Let m(v) be the third derivative of -2*v**5/15 + v**4/6 + v**3/2 - 1212*v**2. Calculate m(-1).
-9
Let v(x) = -x**2 - 13*x + 5. Let f be v(-15). Let r be 15/f + 18/5. Suppose 2*a - t - 1 = -r, a - 4 = -2*t. Let y(o) = -o**2 + o - 15. Calculate y(a).
-15
Let m(q) = 5*q**2 - 21*q - 43. Let d(l) = l**2 + 32*l + 190. Let b be d(-8). Determine m(b).
19
Suppose -2*y + 50*b + 150 = 51*b, 3*b - 222 = -3*y. Let u(j) = -1 + y*j - 37*j - 41*j. What is u(1)?
-3
Let c be (-33)/5 + 42/70. Let n(p) be the second derivative of -p**4/12 - 7*p**3/6 + 3*p**2/2 + 3*p + 83. What is n(c)?
9
Let k(s) = 25*s + 22. Let j(u) = -56*u - 46. Let i(r) = -4*j(r) - 9*k(r). Give i(-4).
-10
Let f(d) be the third derivative of -d**5/60 - d**4/12 + 79*d**3/6 - 10*d**2. Let n(a) be the first derivative of f(a). Calculate n(-10).
18
Let v be (-26)/(-48) - (-5 + (-645)/(-120)). Let m(a) be the third derivative of 0 - v*a**4 + 0*a - 3*a**2 - a**3. Determine m(-4).
10
Let f(w) = -5*w**3 - 6*w**2 - w - 31. Let h(x) = 14*x**3 + 19*x**2 + 5*x + 83. Let l(r) = 11*f(r) + 4*h(r). Suppose -6*m - 45 = -m. What is l(m)?
-9
Let n(b) = 4*b**2 - b + 5. Let z(t) = -11*t**2 + 3*t - 16. Let u(g) = 8*n(g) + 3*z(g). Let m(w) = 88*w - 11704. Let d be m(133). Give u(d).
-8
Let a be 48 + -34 - (-9)/(-1). Let m(z) be the second derivative of z**4/12 - z**3/6 - z**2 + z. What is m(a)?
18
Let q(k) = 2*k + 12. Let h = 1195 - 1202. Determine q(h).
-2
Let t be (-30 - -2)*(-18)/21. Let z be (-7)/(-6) - 4/t. Let g(o) be the third derivative of 7*o**5/60 + o**4/12 - o**3/6 - o**2 + 321. Determine g(z).
8
Let k(r) = -7*r + 94. Let v(n) = 882*n - 2630. Let s be v(3). Calculate k(s).
-18
Let v(q) = q**3 + 2*q**2 - 1. Let w(f) = -f**3 + 43*f**2 + 141*f - 41. Let b be w(46). Suppose -27*z - b = 11. Give v(z).
-33
Let r(a) = -5*a**3 - 4*a**2 + 7*a + 6. Let t(b) = -b**3 - b**2 + b + 1. Let j(f) = r(f) - 4*t(f). Suppose -105*u + 18*u = -261. Determine j(u).
-16
Let o(t) = -t**2 - 14*t - 8. Suppose 0 = -243*i - 1568 - 1834. What is o(i)?
-8
Suppose 557*q = 560*q + 636. Let b = 223 + q. Let f(d) = d**2 - 12*d + 14. Calculate f(b).
3
Suppose 5*f = c - 24, -11*f = 4*c - 8*f - 27. Suppose c*n = -31 + 13. Let l(t) = -2*t**2 + 2. What is l(n)?
-6
Let u(l) = -23*l**3 - 18*l**2 - 12*l - 2. Let m(p) = 40*p**3 + 35*p**2 + 25*p + 2. Let x(j) = -4*m(j) - 7*u(j). Calculate x(15).
-9
Let q(b) be the second derivative of 9/2*b**2 + 296*b + 4/3*b**3 + 0. Determine q(-3).
-15
Let v(p) = -p**2 + 11*p + 55. Let w(o) = -4*o**3 + 131*o**2 + 25*o + 256. Let i be w(33). Determine v(i).
-97
Let l(h) = 2*h - 3. Let i(x) be the first derivative of 3*x**2/2 + 12*x + 61. Let z be (114/(-95))/((-1)/(-5)). Let f be i(z). Determine l(f).
-15
Let n(o) = -2*o + 9. Let a be n(8). Let f be 4 + -20 + 1 - -